{"id":16,"date":"2026-03-12T20:43:13","date_gmt":"2026-03-12T13:43:13","guid":{"rendered":"https:\/\/keonhacai5.media\/?page_id=16"},"modified":"2026-03-13T22:58:41","modified_gmt":"2026-03-13T15:58:41","slug":"keo-nha-cai","status":"publish","type":"page","link":"https:\/\/keonhacai5.media\/","title":{"rendered":"K\u00e8o Nh\u00e0 C\u00e1i \ud83c\udfaf Soi K\u00e8o B\u00f3ng \u0110\u00e1 Ch\u00ednh X\u00e1c H\u00f4m Nay 2026"},"content":{"rendered":"\t<div class=\"img has-hover x md-x lg-x y md-y lg-y\" id=\"image_294502207\">\n\t\t\t\t\t\t\t\t<div class=\"img-inner dark\" >\n\t\t\t<img loading=\"lazy\" decoding=\"async\" width=\"1020\" height=\"319\" src=\"https:\/\/keonhacai5.media\/wp-content\/uploads\/2026\/03\/soi-keo-cung-chuyen-gia-nha-cai-wc-2026-1024x320.webp\" class=\"attachment-large size-large\" alt=\"\" srcset=\"https:\/\/keonhacai5.media\/wp-content\/uploads\/2026\/03\/soi-keo-cung-chuyen-gia-nha-cai-wc-2026-1024x320.webp 1024w, https:\/\/keonhacai5.media\/wp-content\/uploads\/2026\/03\/soi-keo-cung-chuyen-gia-nha-cai-wc-2026-300x94.webp 300w, https:\/\/keonhacai5.media\/wp-content\/uploads\/2026\/03\/soi-keo-cung-chuyen-gia-nha-cai-wc-2026-768x240.webp 768w, https:\/\/keonhacai5.media\/wp-content\/uploads\/2026\/03\/soi-keo-cung-chuyen-gia-nha-cai-wc-2026-1536x480.webp 1536w, https:\/\/keonhacai5.media\/wp-content\/uploads\/2026\/03\/soi-keo-cung-chuyen-gia-nha-cai-wc-2026.webp 1920w\" sizes=\"auto, (max-width: 1020px) 100vw, 1020px\" \/>\t\t\t\t\t\t\n\t\t\t\t\t<\/div>\n\t\t\t\t\t\t\t\t\n<style>\n#image_294502207 {\n  width: 100%;\n}\n<\/style>\n\t<\/div>\n\t\n<div class=\"container section-title-container\" ><h1 class=\"section-title section-title-center\"><b aria-hidden=\"true\"><\/b><span class=\"section-title-main\" >K\u00e8o Nh\u00e0 C\u00e1i \ud83c\udfaf Soi K\u00e8o B\u00f3ng \u0110\u00e1 Ch\u00ednh X\u00e1c H\u00f4m Nay 2026<\/span><b aria-hidden=\"true\"><\/b><\/h1><\/div>\n<p><a href=\"https:\/\/keonhacai5.media\/\">K\u00e8o Nh\u00e0 C\u00e1i<\/a> l\u00e0 chuy\u00ean trang soi k\u00e8o b\u00f3ng \u0111\u00e1, cung c\u1ea5p nh\u1eadn \u0111\u1ecbnh v\u00e0 ph\u00e2n t\u00edch t\u1ef7 l\u1ec7 c\u01b0\u1ee3c tr\u01b0\u1edbc m\u1ed7i tr\u1eadn \u0111\u1ea5u thu\u1ed9c c\u00e1c gi\u1ea3i h\u00e0ng \u0111\u1ea7u. H\u1ec7 th\u1ed1ng ph\u1ee7 s\u00f3ng Ngo\u1ea1i H\u1ea1ng Anh, La Liga, Bundesliga, Serie A, Ligue 1, Champions League, Europa League, AFC Champions League v\u00e0 V-League &#8211; t\u1ed5ng c\u1ed9ng h\u01a1n 500 gi\u1ea3i \u0111\u1ea5u t\u1eeb 6 ch\u00e2u l\u1ee5c \u0111\u01b0\u1ee3c c\u1eadp nh\u1eadt m\u1ed7i ng\u00e0y.<\/p>\n<p>M\u1ed7i b\u00e0i nh\u1eadn \u0111\u1ecbnh \u0111\u01b0\u1ee3c x\u00e2y d\u1ef1ng theo framework ph\u00e2n t\u00edch 5 b\u01b0\u1edbc: phong \u0111\u1ed9 5 tr\u1eadn g\u1ea7n nh\u1ea5t, l\u1ecbch s\u1eed \u0111\u1ed1i \u0111\u1ea7u (H2H), l\u1ef1c l\u01b0\u1ee3ng ra s\u00e2n v\u00e0 ch\u1ea5n th\u01b0\u01a1ng, y\u1ebfu t\u1ed1 s\u00e2n nh\u00e0\/s\u00e2n kh\u00e1ch, c\u00f9ng bi\u1ebfn \u0111\u1ed9ng k\u00e8o t\u1eeb k\u00e8o s\u1edbm \u0111\u1ebfn k\u00e8o \u0111\u00f3ng. \u0110\u1ed9i ng\u0169 chuy\u00ean gia k\u1ebft h\u1ee3p d\u1eef li\u1ec7u th\u1ed1ng k\u00ea t\u1eeb Opta, WhoScored v\u00e0 m\u00f4 h\u00ecnh xG (Expected Goals) \u0111\u1ec3 \u0111\u01b0a ra g\u1ee3i \u00fd k\u00e8o ch\u00e2u \u00c1, ch\u00e2u \u00c2u (1X2) v\u00e0 t\u00e0i x\u1ec9u c\u00f3 c\u01a1 s\u1edf cho ng\u01b0\u1eddi \u0111\u1ecdc.<\/p>\n<p>N\u0103m 2026, chuy\u00ean trang t\u1eadp trung \u0111\u1eb7c bi\u1ec7t v\u00e0o World Cup 2026 t\u1ed5 ch\u1ee9c t\u1ea1i M\u1ef9, Canada v\u00e0 Mexico (11\/6 \u2013 19\/7\/2026) v\u1edbi 48 \u0111\u1ed9i, 104 tr\u1eadn, 12 b\u1ea3ng \u0111\u1ea5u. Soi k\u00e8o t\u1eebng v\u00f2ng \u0111\u1ea5u t\u1eeb v\u00f2ng b\u1ea3ng, v\u00f2ng 32, v\u00f2ng 16 \u0111\u1ebfn chung k\u1ebft MetLife (New Jersey). \u0110i\u1ec3m nh\u1ea5n: b\u1ea3ng t\u1eed th\u1ea7n L (Anh \u2013 Croatia), kh\u1ea3 n\u0103ng Messi \u0111\u1ed1i \u0111\u1ea7u Ronaldo t\u1ea1i t\u1ee9 k\u1ebft Kansas City ng\u00e0y 11\/7.<\/p>\n<p>Ngo\u00e0i nh\u1eadn \u0111\u1ecbnh, K\u00e8o Nh\u00e0 C\u00e1i cung c\u1ea5p l\u1ecbch thi \u0111\u1ea5u b\u00f3ng \u0111\u00e1 h\u00f4m nay theo gi\u1edd Vi\u1ec7t Nam, k\u1ebft qu\u1ea3 b\u00f3ng \u0111\u00e1 tr\u1ef1c ti\u1ebfp, b\u1ea3ng x\u1ebfp h\u1ea1ng chi ti\u1ebft theo gi\u1ea3i v\u00e0 highlight b\u00e0n th\u1eafng sau tr\u1eadn. Giao di\u1ec7n t\u1ed1i \u01b0u cho mobile, t\u1ed1c \u0111\u1ed9 t\u1ea3i nhanh, kh\u00f4ng y\u00eau c\u1ea7u \u0111\u0103ng k\u00fd t\u00e0i kho\u1ea3n \u0111\u1ec3 xem n\u1ed9i dung. Ng\u01b0\u1eddi d\u00f9ng c\u00f3 th\u1ec3 \u0111\u0103ng k\u00fd nh\u1eadn b\u1ea3n tin k\u00e8o qua Email ho\u1eb7c Telegram \u0111\u1ec3 c\u1eadp nh\u1eadt nh\u1eadn \u0111\u1ecbnh 4-6 tr\u1eadn m\u1ed7i ng\u00e0y tr\u01b0\u1edbc gi\u1edd b\u00f3ng l\u0103n.<\/p>\n","protected":false},"excerpt":{"rendered":"<p>K\u00e8o Nh\u00e0 C\u00e1i l\u00e0 chuy\u00ean trang soi k\u00e8o b\u00f3ng \u0111\u00e1, cung c\u1ea5p nh\u1eadn \u0111\u1ecbnh v\u00e0 ph\u00e2n t\u00edch t\u1ef7 l\u1ec7 c\u01b0\u1ee3c tr\u01b0\u1edbc m\u1ed7i tr\u1eadn \u0111\u1ea5u thu\u1ed9c c\u00e1c gi\u1ea3i h\u00e0ng \u0111\u1ea7u. H\u1ec7 th\u1ed1ng ph\u1ee7 s\u00f3ng Ngo\u1ea1i H\u1ea1ng Anh, La Liga, Bundesliga, Serie A, Ligue 1, Champions League, Europa League, AFC Champions League v\u00e0 V-League &#8211; t\u1ed5ng c\u1ed9ng [&#8230;]\n","protected":false},"author":1,"featured_media":0,"parent":0,"menu_order":0,"comment_status":"closed","ping_status":"closed","template":"","meta":{"footnotes":""},"class_list":["post-16","page","type-page","status-publish","hentry"],"_links":{"self":[{"href":"https:\/\/keonhacai5.media\/index.php\/wp-json\/wp\/v2\/pages\/16","targetHints":{"allow":["GET"]}}],"collection":[{"href":"https:\/\/keonhacai5.media\/index.php\/wp-json\/wp\/v2\/pages"}],"about":[{"href":"https:\/\/keonhacai5.media\/index.php\/wp-json\/wp\/v2\/types\/page"}],"author":[{"embeddable":true,"href":"https:\/\/keonhacai5.media\/index.php\/wp-json\/wp\/v2\/users\/1"}],"replies":[{"embeddable":true,"href":"https:\/\/keonhacai5.media\/index.php\/wp-json\/wp\/v2\/comments?post=16"}],"version-history":[{"count":4,"href":"https:\/\/keonhacai5.media\/index.php\/wp-json\/wp\/v2\/pages\/16\/revisions"}],"predecessor-version":[{"id":47,"href":"https:\/\/keonhacai5.media\/index.php\/wp-json\/wp\/v2\/pages\/16\/revisions\/47"}],"wp:attachment":[{"href":"https:\/\/keonhacai5.media\/index.php\/wp-json\/wp\/v2\/media?parent=16"}],"curies":[{"name":"wp","href":"https:\/\/api.w.org\/{rel}","templated":true}]}}